 88 + (2 - (0 - -2)/2)?
3
Suppose 0 = -l + 23 - 9. Calculate the remainder when 12 - (-48 - 98/(-14)) is divided by l.
11
Suppose 13*c - 45 = 4*c. Let m(p) = p**2 + 2*p - 13. What is the remainder when 56 is divided by m(c)?
12
Let a = -1 + -2. Suppose 1 = 11*p - 10*p. Calculate the remainder when 0 + (18/21)/(a/(-14)) is divided by p.
0
Suppose 0 = -35*d + 3855 - 3260. Suppose -2*l + 97 = y - 24, -3*y - 247 = -4*l. Calculate the remainder when l is divided by d.
10
Let l = -7 - -81. Let i(h) = 2*h**3 + 52*h**2 + 207*h - 24. What is the remainder when l is divided by i(-21)?
35
Let r(j) = j**3 - 5*j**2 + 11. Suppose -14 = q - 20. Calculate the remainder when 91 is divided by r(q).
44
Suppose y = 4*x - 3*x - 8, 2*x + 4*y + 8 = 0. Suppose -2*t = -t - c + 3, -2*t = x*c + 12. Calculate the remainder when t/(-14) - 14/49*-160 is divided by 25.
21
Let w = 137 - 94. Let i(h) be the third derivative of h**5/30 - h**4/12 - 17*h**3/6 + 17*h**2. Calculate the remainder when w is divided by i(5).
20
Let l(v) = 2*v**2 + 14*v - 19. Let h be l(-8). Let k be (h + 5)*-1 - -18. Suppose -w - 3 + k = 0. What is the remainder when 141 is divided by w?
11
Let v = 299 + -64. Let p = v + -176. Calculate the remainder when 232 is divided by p.
55
Let n = 11339 + -5251. What is the remainder when n is divided by 87?
85
Let i(k) = 14*k + 93. Let d(c) = c**2 + 22*c + 99. Let n be d(-15). What is the remainder when 19 is divided by i(n)?
1
Let s(b) = 6*b - 35. Let i(u) = 35*u - 210. Let h(q) = 4*i(q) - 25*s(q). Calculate the remainder when h(-6) is divided by 17.
10
Let k = -13247 - -13414. What is the remainder when 1252 is divided by k?
83
Suppose 0 = -r + 5*w + 8 - 37, 0 = 2*r + 2*w + 22. Let j = r + 26. Calculate the remainder when 55 is divided by j.
7
Let w(f) be the second derivative of -1/3*f**3 + 51/2*f**2 + 0 + 31*f. Calculate the remainder when 20 is divided by w(24).
2
Suppose 0 = -4*u - 5*g + 139, -6*g + 2*g - 112 = -3*u. Suppose 0*l + 2*d = 4*l - 56, 0 = l + 5*d - u. What is the remainder when 40 is divided by l?
8
Suppose 5*i + 48 = 4*i - 3*n, 5*i = 3*n - 204. Calculate the remainder when 31/(1 - 3/4) is divided by 36/i*(-560)/15.
28
Let p be (-4)/(-22) + 106/22. Suppose 325 = p*u - 5*t, -9 = -5*t + 1. What is the remainder when u is divided by 184/1380 - (1164/(-45) - -2)?
19
Let u = 53 + -25. Let p = u + -10. Suppose 8 = -2*i - 3*x + 37, 5*x = -4*i + 53. What is the remainder when p is divided by i?
4
Let t = -33 + 42. What is the remainder when 20/(-15) + -1 + 516/t is divided by 19?
17
Suppose 3529 + 5821 = 34*n. Calculate the remainder when 20074 is divided by n.
274
Suppose 0 = -79*u + 145*u - 2574. What is the remainder when 1632 is divided by u?
33
Suppose -1809 = 166*x - 193*x. Calculate the remainder when 1872 is divided by x.
63
Let i(w) = -4*w + 2. Let k be i(0). What is the remainder when 39 is divided by -2 + 1/k + (-726)/(-44)?
9
Let k(a) = -2*a**2 + 22*a - 21. Let c be k(10). Let x be c + (2 - 79)*-9. Suppose -6*s - x = -10*s. Calculate the remainder when s is divided by 44.
41
Let f(n) = 19*n - 2856. What is the remainder when 30080 is divided by f(155)?
87
Let w = 35779 + -35766. Suppose 0 = 3*q + 2*q - 50. What is the remainder when w is divided by q?
3
Suppose 0*f + 3*y = -3*f + 474, -4*f + 2*y + 644 = 0. Let l = -155 + f. Calculate the remainder when 26 is divided by l.
1
Let h = -4762 + 4784. Suppose 0 = 3*m - 6*m + 132. Calculate the remainder when m is divided by h.
0
Suppose -7*u - 64 + 469 = -2*u. Calculate the remainder when 1220 is divided by u.
5
What is the remainder when 494 is divided by 104/(-416) + (2 - (-74)/8)?
10
Suppose -55*l + 29*l = -41*l + 885. Calculate the remainder when 232 is divided by l.
55
Let i be 1*(-5)/((-5)/9). Suppose i*b = 20 + 151. Calculate the remainder when (-20)/3*15/(-2) is divided by b.
12
Calculate the remainder when 658 + (4 - 7) + -3 is divided by 132.
124
Let t(g) = g**3 + 7*g**2 - 4*g - 3. What is the remainder when (-758)/(-5 - (21 + -16 + (-140)/15)) is divided by t(-6)?
54
Suppose -o + 6320 = 3*l, 59*l - 8456 = 55*l - 5*o. Calculate the remainder when l is divided by 117.
115
Let c(x) = 15*x + 1600. Calculate the remainder when 594 is divided by c(-95).
69
Let x(l) = -l**2 + 36*l + 187. Calculate the remainder when x(25) is divided by 117.
111
Let h(z) = -2*z - 63. Calculate the remainder when 111 is divided by h(-49).
6
Let n = -15 - -138. Let l = -831 + 887. What is the remainder when n is divided by l?
11
Let f(t) = 2*t**2 + 47*t - 71. Calculate the remainder when 716 is divided by f(-28).
173
Let k = -103 - -111. Suppose -5*w - 2*q = -283, k = -q + 3*q. Calculate the remainder when w is divided by 17.
4
Suppose -x - 5*y - 188 = -354, x - 2*y = 194. Calculate the remainder when 350 is divided by x.
164
Suppose 1784 = -25*b + 2384. Let m(z) = 13*z - 6. Calculate the remainder when m(6) is divided by b.
0
Let g = 5887 + -5804. Calculate the remainder when g is divided by 200/6 + 3/(-9).
17
Suppose 148*b = 91*b + 51072. Calculate the remainder when b is divided by 2.
0
What is the remainder when 130 is divided by (2890/35 - 70/14) + (-4)/7?
53
Let a = 14280 - 14189. Calculate the remainder when 213 is divided by a.
31
Calculate the remainder when (72/32 - 3) + (-48213)/(-44) is divided by 55.
50
Suppose 88 - 48 = 5*v. Suppose 0 = -3*a + v*a - 390. Calculate the remainder when a is divided by 16.
14
Let n be (3/(-6))/(1/(-12)). Let v be n/(-2) + 254/2. What is the remainder when 17 is divided by (-2)/(-14) + v/14?
8
Let b(a) = -a**3 - 11*a - 16. Let j(z) = 2*z**2 + 11*z + 5. Let i be j(-5). Suppose 688 = 4*d - i*d. Calculate the remainder when d is divided by b(-3).
40
Let s = 12248 + -11479. Calculate the remainder when 1545 is divided by s.
7
Let k be 4/6*(3 - 1 - -1). Let v be (4 - 2) + -50 + (6 - k). Let s = v - -50. What is the remainder when 8 is divided by s?
2
Let v = 23 + -14. What is the remainder when (-5 - (-50)/4)*-20*1/(-6) is divided by v?
7
Let f(k) = -k**2 + 6*k + 76. Let x be f(-6). Suppose -26 = -d + x*n, -21*d + 20*d - 2 = 3*n. What is the remainder when 35 is divided by d?
5
Let w(m) = 853*m + 322. Calculate the remainder when w(5) is divided by 85.
82
Let y(f) = f**2 - 30*f + 56. Let z(j) = 2*j**2 - 27*j + 56. Let m(x) = 4*y(x) - 3*z(x). Calculate the remainder when 206 is divided by m(-20).
26
Let w(k) = k**3 - 83*k**2 - 89*k + 445. What is the remainder when 1686 is divided by w(84)?
11
Let d = -8 + 17. Let m(x) = -x**2 - 2*x - 52. Let c be m(0). Let l = -37 - c. Calculate the remainder when l is divided by d.
6
Suppose 5*l - 309 - 176 = 0. Let h = -12619 - -12633. What is the remainder when l is divided by h?
13
Let t(y) = 39*y + 1061. Let x(w) = -3*w + 5. What is the remainder when t(-26) is divided by x(-7)?
21
Suppose 5*a - 4*x - 430 - 290 = 0, 4*a - x - 576 = 0. What is the remainder when 255 is divided by a?
111
Let w be 2/(-5)*(-65)/26. Let a(h) = w - 5 + 23 + h. What is the remainder when 19 is divided by a(-8)?
8
Let w = -10 - -24. Suppose 3*t - 5 - w = 4*r, -2*t = -r - 21. What is the remainder when 16 is divided by t?
3
Suppose -1428 = -9*l - 17*l - 16*l. What is the remainder when l is divided by ((-4)/6)/(-2 - (-364)/189)?
7
Let c(j) = 2*j - 16. Let l be ((-10)/15)/(2/(-27)). Let a be c(l). Suppose -3*n - a*n = -230. What is the remainder when 181 is divided by n?
43
Suppose 4*t - 5 = -o, t + 176 = -3*o + 202. Let f = -17 + 28. Calculate the remainder when f is divided by o.
2
Suppose 55664*i + 2941 = 55681*i. Calculate the remainder when 1727 is divided by i.
170
Suppose 0 = -2*l + 3*r - 26, 0*r = 3*l - 4*r + 39. Let s be l/(-2) - 27/(-18). Let k(d) = -d**2 + 10*d - 15. What is the remainder when k(s) is divided by 1?
0
Let y(s) = -s**2 - 9*s + 545. What is the remainder when 157 is divided by y(-28)?
1
Let q(c) = 36*c - 1407. Suppose -2*g + 156 + 294 = 4*l, l = -4*g + 900. Calculate the remainder when g is divided by q(40).
27
Let v = -144 - -54. Let j = -1673 + 1564. Let f = v - j. Calculate the remainder when 75 is divided by f.
18
Suppose 5*m + 5*h - 52 = 4*m, 4*h - 4 = 0. Let o(q) = -q**2 - 5*q + 7. What is the remainder when m is divided by o(-5)?
5
Suppose 3*l + 452 = 4*c, -3*l = 4*c - 5*l - 452. Suppose 2*k - 1 = c. Calculate the remainder 